Let j = b - c. What is the units digit of j?
1
Let j(u) = 36*u + 45. Let d(q) = -22 - 4*q + 13 - 3*q. Let n(k) = 21*d(k) + 4*j(k). What is the units digit of n(-4)?
3
Let p be (0 - 3) + 110/22. Suppose 2*t + 5*f - 449 = -0*f, -1079 = -5*t + p*f. What is the units digit of t?
7
Let f = 333 - -4049. What is the units digit of f?
2
Let o(q) = -q**3 + 5*q**2 + 9*q + 2. Let g be o(6). Suppose -2*d = 2*d - g. Suppose 0*h = -d*h + 20. What is the units digit of h?
4
Let i be (-344)/6 - (-2)/(-3). What is the tens digit of ((4 - -4)/(-2))/(4/i)?
5
Let w be 2/4 - 102/4. Let n = w - -60. What is the tens digit of n?
3
Suppose -2*j + 4 = -8. Suppose -v - j*v + 420 = 0. What is the units digit of v?
0
Let z(o) = -9*o - 2 + 0 + 0. Let m be z(-3). Suppose 2*l + m - 139 = 0. What is the units digit of l?
7
Let j = 938 + -666. What is the tens digit of j?
7
What is the tens digit of (-101867)/(-92) - 3/(-4)?
0
Suppose m + 2*g - 7*g = 33, -5*m + 45 = -g. Suppose -3016 = m*d - 21*d. What is the tens digit of d?
3
Let g be (-19)/(-4) + (-2)/(-8). Let c be -24*(-2)/15*g. What is the units digit of (-2)/8 - (-68)/c?
4
Suppose 5*y - 7*y = 54. Let h be 33/(3 - y/(-6)). What is the units digit of 33/h*164/(-6)?
1
What is the tens digit of (-620 + 3)*-1 + (5 - 10)?
1
Let g = -1061 - -1957. What is the tens digit of g?
9
Let r(b) = b**2 + 13. Suppose 50 = -13*k + 8*k. What is the tens digit of r(k)?
1
Suppose -3*o = -4*v - 26, -o - 2*v = 3*o + 2. Suppose y = -o*i - y + 16, -2*i - 5*y = -31. Suppose 3*w - i*k = 60, 4*k = -5 + 13. What is the tens digit of w?
2
Suppose -1152 - 2614 = -4*v + 3*a, 5*v + 5*a - 4690 = 0. What is the hundreds digit of v?
9
Let o(i) = -2*i**2 - 7*i + 15. Let d be o(-8). Let j = d + 117. What is the units digit of j?
0
Let d = -495 - -944. What is the units digit of d?
9
Suppose 5*q - 4*a - 253 = 0, -5*q - 4*a = -147 - 130. Let f = q + 7. What is the units digit of f?
0
Suppose -5*n = 3*z + 3 + 2, 3*n = -3. Suppose 2*y = -5*g, y + g = -z*y. Suppose -4*l + 56 = -y*l. What is the tens digit of l?
1
Let m = -2303 - -4312. What is the tens digit of m?
0
Let h = 64 - 62. Suppose -16*a = -13*a - 3*s - 510, -3*a + h*s + 505 = 0. What is the hundreds digit of a?
1
Let z(t) be the second derivative of -t**5/20 + 3*t**4/4 - t**3 + 5*t**2/2 - 23*t. What is the tens digit of z(6)?
7
Suppose -z + 2*a = -12, z = -3*z + 4*a + 32. Let c = z - -51. What is the units digit of c?
5
What is the hundreds digit of ((-415)/(-4))/(85/408)?
4
Let o(b) = -b**3 + 27*b**2 - 19*b + 25. What is the units digit of o(26)?
7
Suppose 61*n - 83 = 60*n. What is the units digit of n?
3
Suppose 4*o = -d - 23, -5*d + 2*o - 43 = 4*o. Let z(h) = -h - 5. What is the units digit of z(d)?
2
Let l = 6 - 38. Let b = l + 62. What is the tens digit of b?
3
Let a(y) = y**3 + 11*y**2. Let h be a(-11). Let i be h - (-10)/(-3)*3. Let b = 25 + i. What is the tens digit of b?
1
Suppose 4*n - 18 = 3*n + 2*g, -5*n + 42 = 2*g. Suppose 0 = 5*k - n, -8*b + 7*b = 4*k - 307. What is the units digit of b?
9
Suppose 2*f - 68 = -2*v, -3*v + 34 = -2*v - 2*f. What is the tens digit of (v - 0) + -4 + 4?
3
Suppose -13*k + 9*k = -16. Let t(h) = 20*h - 7 - 2*h - h**2 - k - 3. What is the tens digit of t(16)?
1
What is the tens digit of (0 + 9/(-6))*-386?
7
Suppose -3*y = -4*u, 3*u = -0*y - 4*y. Suppose 2*c - 5*c + 57 = u. Suppose -3*j = r - 83, 1 = 4*r - c. What is the tens digit of j?
2
Suppose 3*v + 540 = 18*v. What is the units digit of v?
6
Let r be 2 - (3 + -2)*0. Suppose 0 = -4*l, 3*z - r*l + 0 = 39. Suppose -5*b = -3*o + 74, o - 5*b - 25 - z = 0. What is the units digit of o?
8
Let f(i) = -i**2 - 14*i + 1. Let l be f(-14). What is the units digit of l/(-4)*-6 - (-1224)/16?
8
Let s(y) = -y**3 + 2*y**2 + 4. Let d be s(-3). Suppose 23 = 3*t - d. What is the tens digit of t?
2
Let t(u) = -4*u - 2. Let c be t(-3). Let i(v) = v**3 - 9*v**2 - 11*v + 9. Let b be i(c). What is the units digit of 2*(b + 3/2)?
1
Let y(r) = r**2 - 10*r. Let z be y(10). Suppose z = -2*s - 5*h + 205, -2*h + 5*h + 9 = 0. What is the hundreds digit of s?
1
Suppose r + 3*s + 33 = 56, -5*r + 97 = -3*s. What is the units digit of r?
0
Let y(x) = -x**3 + 2*x**2 + 4*x - 3. Let m be y(3). Let i = -3 + m. What is the units digit of 46/2 + i/3?
2
Let z(f) = -3*f + 6. Let s be z(7). Let l be s + 0/(0 + 3). What is the units digit of (102/l + 2)*-5?
4
Let o = -3319 - -5741. What is the thousands digit of o?
2
Suppose 3*u + 3*p - 5202 = 0, 2*p = 2*u + 3*p - 3465. What is the hundreds digit of u?
7
What is the tens digit of 2/(-20) + (-3)/(330/(-4741))?
4
Let z = -58 - -63. Let a = z + 59. What is the units digit of a?
4
Suppose a = 25 - 4. What is the tens digit of a?
2
Suppose 0 = -2*q - 0 + 12. Suppose 0*r - q = -3*r, -2*m - 5*r = -16. What is the tens digit of 8/(-12) - (-65)/m?
2
Let t = 12 - -1. Suppose o - 69 + t = 0. What is the tens digit of o?
5
Let o(l) be the third derivative of l**6/24 + l**5/60 - l**4/24 + l**3/6 - 4*l**2. Let t be o(-2). What is the tens digit of (737/t)/(1/(-3))?
6
Let t(n) = 3*n**2 + 27*n + 45. What is the thousands digit of t(27)?
2
Let h(x) = 2*x**2 - 8*x - 5. Let r be h(5). Suppose -4*j + r*y - 292 = 0, 0 = -2*j + 2*y - 0*y - 148. What is the tens digit of (-13 + 15)/((-4)/j)?
3
What is the units digit of 51/(-45) + 1 + (-130849)/(-255)?
3
Suppose 183*m - 956 = 182*m. What is the hundreds digit of m?
9
Suppose 0 = 5*j + 1 - 11. Suppose 0 = -0*q - j*q + 122. What is the tens digit of q?
6
Suppose -7658 = -20*i + 3782. What is the units digit of i?
2
Let z be (-1)/(1/((-9)/3)). Let g be z - 5/(15/153). What is the tens digit of 6/2 + (4 - g)?
5
Suppose -1 - 9 = 5*l + 2*b, -5 = -5*l + b. Suppose 5*q = -z - 0 + 53, -2*z + 4*q + 50 = l. What is the units digit of z?
3
Let n = 117 - -15. What is the hundreds digit of n?
1
Let u be (-15)/(-10) - 54/4. Let a = u - -16. Suppose d = a*d - 84. What is the units digit of d?
8
Let g(i) = 4*i**3 + i**2 + 4. Let q be g(-2). Let x be 304/q - 4/(-6). What is the units digit of 3/(x/(-220)) - 4?
1
Suppose -4804 = -84*g + 82*g. What is the thousands digit of g?
2
Let k(z) be the first derivative of 2*z**3/3 - 15*z**2/2 + 24*z + 18. What is the hundreds digit of k(11)?
1
Suppose -1260 = -5*d - 0*d. Suppose -11*s + d = -243. What is the units digit of s?
5
Let t(u) = -u**3 + 17*u**2 + 13*u - 9. What is the tens digit of t(-7)?
7
Suppose -o = -s - 803, 3*o + 4*s - 3180 = -o. What is the hundreds digit of o?
7
Let d = 4 - 6. What is the tens digit of ((-11)/1)/(d/12)?
6
Let m(o) = o**2 - 14*o + 29. Let k be m(12). Suppose -k*f + 4*f = -270. What is the units digit of f?
0
Suppose 4*g - 26 = 5*d, -6*g + g - 3*d + 14 = 0. Let w(k) = -k**2 + 7*k + 13. Let v be w(8). What is the units digit of g/v*50/5?
8
Let i = 230 + 85. What is the tens digit of i?
1
Let c = 658 + -462. What is the units digit of c?
6
Let c = 146 - -1284. What is the thousands digit of c?
1
Let j(z) = -z**3 - 24*z**2 - z + 2. Let q be j(-24). Suppose 0 = 28*r - q*r - 244. What is the hundreds digit of r?
1
Let l(g) = -12*g**3 + g**2 - g + 1. Let q be l(-2). Let z = q - 62. Suppose b - 4*x - z = 0, 0*x - 83 = -3*b + 2*x. What is the tens digit of b?
2
Let o = 15 - 12. Suppose -2*l = -8, o*l - 6*l + 20 = 2*q. Suppose 26 = -3*i + q*i. What is the units digit of i?
6
Suppose 49533 = -525*y + 544*y. What is the hundreds digit of y?
6
Let a(l) = l**3 + 30*l**2 - 31*l + 1. What is the hundreds digit of a(-29)?
7
Suppose -19*g + 22798 = 4767. What is the hundreds digit of g?
9
Suppose 4*k + 0*k - 16 = 0. Suppose 0 = -0*x + k*x - 76. Suppose l = -3*g + g + 18, -l - g + x = 0. What is the units digit of l?
0
Let o(a) = a + 24. Let q be o(-17). Let k(f) = 6*f - 23. What is the units digit of k(q)?
9
Let y(i) = 20*i**2 + 31*i + 197. What is the tens digit of y(-11)?
7
Let r be -3 + (98 + 3 - -4). Let h = r + -13. What is the units digit of h?
9
Let b(w) = 3*w**2 + w - 26. What is the hundreds digit of b(-7)?
1
Let p = -4 + 17. Suppose -5*i - 3 = -p, 0 = -w + 3*i - 1142. What is the tens digit of w/(-24)*(-3)/(-2)?
7
Suppose 4*s = -3*x + 39, 7 = s - 0*x - 2*x. What is the units digit of s/(-5)*40/(-12)?
6
Suppose 0 = -5*o + 158 - 53. Let t be (1*-3)/((-7)/o). What is the units digit of (-149)/(-3) + (-6)/t?
9
Let z = 52 + -48. S